f -37 + (-6 - (-16 + 1 + 6 - -21))?
-55
Calculate (218 - 179) + 8 + -98.
-51
7 + (17 - 11) - (51 - 28)
-10
Evaluate -19 + 19 + -5 + 13 + -12 + 2.
-2
Calculate (319 + -318 - (-3 + 0 + 7)) + 71.
68
30 + (-9 - 19) + 39 + -86
-45
Evaluate -2 + -7 + (-3 - -1) + 0 + (32035 - 31892).
132
What is the value of (4 - 153) + (214 - 183)?
-118
What is (17 - 21) + (-15 - (11 - 22)) - (3 - 2)?
-9
What is the value of -26 + 29 + 1 + -20 + 5?
-11
What is the value of -17 - (11 + -14) - (63 + -44)?
-33
-22 - (-1 + -4 + (-4 - 12) + 143 + -130)
-14
What is 92 - (-1 - -45 - (-2988 - -3016))?
76
Calculate -11 + -4 - -29 - (7 - (15 - (6 - 0))).
16
Calculate 33 + (-44 + (32 - 7) - 21).
-7
Calculate -11 + (-50 - (28 - ((2 - -1) + (92 - 82)))).
-76
Calculate (-125 - 17 - -51) + 92.
1
What is the value of -1 + 26 - (-3 + -23 - (66 - 25))?
92
What is -3 + -23 + 9 + -4 + 20?
-1
What is 0 - (-9 - (9 - 19) - 0) - 22 - -12?
-11
-11 + (21 - (19 + -7)) + (16 - 1)
13
What is the value of -6 - 1 - ((8 - 4) + -9) - 56?
-58
(8 - -46 - 24) + -18 + (36 - 0)
48
Calculate 18 + 7 + -4 + -6 - (32 + -46 + 24).
5
Calculate (-10 + 30 + 5 - -69) + -24.
70
Calculate -23 - -89 - (-5 + -4).
75
Evaluate (0 - -50) + -7332 + 7153.
-129
What is 44 + -111 - -19 - (-4 + -14)?
-30
Evaluate 1 - (-1 + 30) - 1 - (-65 + 237 - 175).
-26
Calculate -48 - ((38 - 44) + 11).
-53
What is (-16 - (-13 - 18) - 13) + -5 + -44?
-47
85 + 56 + -134 + 50
57
76 - (95 - -22) - (-1 + 14)
-54
Calculate 71 + -49 + (64 - (-14 + 1 - -10)).
89
What is the value of 10 - (6 + -2) - (0 + (-12 - 0))?
18
Evaluate 5 + -67 + (37 + -46 - (-12 - -1)) + 5.
-55
Evaluate (13 - (-2 - (8 - (6 + -4 - -6)))) + 12.
27
-8 + 10 + (2 - -14) + -8 + 0
10
Calculate -17 + (-2 + 119 - 58).
42
What is the value of (1 - -2) + 9 + -6 + -14 + 4 + -38?
-42
What is 39 + 2 + -24 + 1 + -20 + 64 + -12?
50
Calculate -9 + -2 + -24 + (-19 - (37 + -11)).
-80
(-48 - -22) + 6 + 3 + 125 + -79
29
-145 - -154 - -5 - -6
20
Evaluate -98 + 90 - (-6 - (-12 - -7) - 8).
1
What is the value of -26 + (6 - (7 + -15 + 12 + -11))?
-13
What is 80 + -27 + (-21 - -15)?
47
Calculate -32 - (-15 + 20 + (10 - 4)).
-43
Calculate (-3 - 82) + -42 + 61 + (-1 - 3).
-70
What is the value of (-38 - -11 - (16 + 33)) + 18?
-58
Evaluate 37 - (33 + 8 + 36).
-40
What is the value of 44 - (72 + -19 + -36)?
27
Evaluate -22 + 6 - (-10 + 7 + -10 - -9).
-12
-251 - -213 - (16 + (-3 - (-1 + 2)))
-50
What is (-6 - (-2 - 6)) + (7 - -4) + 0?
13
Calculate -3 + -10 + -23 + 62 - -11.
37
Calculate -117 + ((4 - (-14 - -6)) + 1 - 37 - -9).
-132
Evaluate (9 - (3 + (-6 - -3)) - (20 + -5)) + 58.
52
Evaluate 69 + -25 + (18 - (-11 - (-9 + -2))).
62
What is -39 + -2 - (3292 - 3352)?
19
35 + -96 + 130 + -132
-63
Calculate (0 - 43 - 2) + (-2110 - -2072 - (0 - 27)).
-56
(2 - 10 - -15) + (4 - 17) + -15
-21
What is (4 - 3 - 33) + (33 + -14 - 14)?
-27
341 + -336 - (4 + 11 - 3)
-7
Evaluate (31 - -7) + (7 + 4 - 20) + -2.
27
Evaluate 36 - ((121 - 139) + 29 + (0 - -1)).
24
Calculate 46 + (-35 - (-14 + 0) - (-14 - -7)).
32
What is -55 - -35 - 16 - (-1 - (2 + -3))?
-36
Calculate -3 + 18 + (-19 - (24 + (-17 - 10))).
-1
What is the value of 32 + -7 - -4 - (-180 - -182)?
27
Calculate (-103 - (-84 - 80)) + (28 - 0).
89
What is the value of 3212 - 3203 - ((6 - 3) + 73)?
-67
Evaluate 1 + 30 - (106 + -119 + 24).
20
16 + -7 - (9 + 7 + -2) - (-16 + -1)
12
Evaluate 37 - ((5 - 108) + 158).
-18
What is 7 + (-4 - (-26 + 1)) + -15?
13
Evaluate 51 + (1 - 22) + -17.
13
-82 + 20 + 38 + 11 - (1 - 37)
23
What is the value of (0 - -16) + (6 + (-9 - -5) - -13)?
31
What is 0 + (67 - 82) + 4 + 0 + 4?
-7
What is 22 - (-82 + 65 + 29)?
10
What is the value of 2 + -9 + -19 + (7 - -5) + 4 + 3?
-7
20 - (3 + -11 - 16) - (0 - 13)
57
What is -13 + (-17 + 1 - (-78 + 73))?
-24
Calculate (9 - (4 + -5)) + 7 + 0 + -25 + -1.
-9
Evaluate (13 - 10) + -80 - -40 - -144.
107
13 + 6 + -3 + 20 + -38 + 26 - -4
28
-10 + -22 - (6 - -14 - 14)
-38
Evaluate (-41 - (2 + 1 + -9) - -1) + 7.
-27
What is -22 + (-2 - -4) - (-1749 - -1767)?
-38
Evaluate 66 + 30 + -112 - (49 + (3 - 0)).
-68
Evaluate 32 + (31 - 15 - 87).
-39
31 - (-65 + 78 + 74)
-56
Evaluate 5 + (5 + -21 - ((4 - (21 - 12)) + -129)).
123
112 + -3 - (-10149 - -10176)
82
3 - (1 + -6) - 17 - (28 - 19 - 1)
-17
Evaluate -113 + (189 - (77 + 40)).
-41
62 + -123 + 89 + -12
16
Calculate 14 - (-61 - (86 + -228)).
-67
What is (-24 - (-4 + 1 + -6)) + 20 + -23?
-18
Calculate -40 - (-109 - -7) - (4 - (-2 - -12)).
68
What is the value of (4 - 0 - 5) + 27 + 8 + -2 - -4?
36
Calculate 54 + (28 + -26 - (-4 - (-10 + (-9 - -8)))).
49
What is the value of -1 - (2 + -4) - 1 - (273 - 309)?
36
What is the value of 58 - ((3 - (-7 + 19)) + 3) - (29 - 30)?
65
Calculate -4 + 222 + -211 + (-1 - -13).
19
Calculate 1 + -48 + (-12 + 0 - (81 - 35 - 58)).
-47
Calculate 11 + 0 + -13 + -3 + (-60 - -70) - -35.
40
What is the value of 72 - (75 + -18 + -31)?
46
What is the value of -40 + (26 - 19) + -1 - (2 - (9 - 3))?
-30
What is the value of -702 + 538 + (129 - -1)?
-34
What is 85 + 48 + 13 - 29?
117
Evaluate -1 + (-9 - ((68 - 39) + 16)).
-55
What is the value of -67 - (-50 - 2 - -42)?
-57
Calculate 72 - 129 - (-4 + -104).
51
What is (10 - (29 + -17)) + (63 - -4) + -1?
64
Calculate 14 + -41 + 104 - (16 + -25).
86
What is (203 - 227) + (2 - 3) + -4 + 13?
-16
What is -59 + 18 + 4 + -4 + 23?
-18
Evaluate -13 - (-26 - 7 - -19) - -6.
7
10 - ((80 - (9 + 1)) + 0 + (5 - 13))
-52
(-20 - (-19 - (-6 + -9))) + 21
5
-1 + 18 + -556 + 546 - (0 + 0)
7
Evaluate -96 + 32 + (-49 - -10) + 1.
-102
What is 46 + -1 + 7 + (0 + -32 - -16)?
36
Calculate 1 + -1 + (29 - 74 - 24) - -7.
-62
Evaluate 39 + 100 + -50 + -100.
-11
What is 22 - (3 - (-7 + -18) - 26)?
20
Evaluate 32 - (15 - 4) - 42.
-21
-13 + (0 - -6) + (-2 - -57 - (-16 + 3))
61
(2 + 11 - (-75 - -79 - (1 - 1))) + -105
-96
Calculate -87 + -3 + 105 + (1 + 2 + -1 - 81).
-64
Evaluate -12 - (10 + 16 + -11 + -37).
10
What is the value of -4 - 5 - (101 - 31)?
-79
What is the value of -10 + 14 + 8 - (-31 + -7 + -68)?
118
What is 29 - (34 + -6 - 37)?
38
What is (-1 - 35 - (435 - 585)) + -4 + 8?
118
What is -2 + (-69 - -66) - -9?
4
What is -1 + -86 - 1 - (84 + -67 + 97 + -108)?
-94
Evaluate (-1 - 85) + (-52 + 20 - -56).
-62
What is (-19 - 2) + 10 + 7 + 4 - (1 - 63)?
62
Evaluate (-15 - 3) + (6 - 1) + (7 - -10) + -12.
-8
What is the value of -10 - ((28 - 15) + -59)?
36
(33 - 31) + (-9 + 15 - -1) + 10 - -3
22
What is the value of 9 - -1 - (2 + -6 - (245 + -248)) - -22?
33
What is (-67 - (-25 - (11 - 29))) + (9 - -7)?
-44
(2 + 0 - ((-2 - (27 - 26)) + 15)) + 105
95
What is 144 + -125 + (-23 - 4)?
-8
Calculate -2 + 8 - (345 - 292).
-47
What is -197 - -236 - (-3 + -5 + -6)?
53
Evaluate (72 - 166) + (-1 - -21) - (-10 - 3).
-61
Evaluate 79 - ((23 - 23) + 50).
29
Calculate -35 - (61 + 2 + -72 + 43).
-69
Evaluate (-12 - (10 - 27)) + -21 + -9 + 11.
-14
What is the value of -78 + 9 + 172 + -139?
-36
What is the value of -16 - 0 - (86 + -66 - 54)?
18
What is -72 - (-15 - 33) - -19?
-5
What is -21 - (12 - 60) - 7?
20
Calculate -8 + ((2 - 0) + -9 - (13 + -33)) + 42.
47
-10 - (109 + -125 - ((4 - 17) + 2))
-5
Evaluate -7 + 18 - (-77 - (-57 - 17)).
14
What is 14 + 1 + (-13 - -127 - ((3 - -8) + -9))?
127
(-18 - 71) + (33 - -17)
-39
28 + (-17 + 2 - 25) + (0 - -2)
-10
163 + -56 + (38 - (63 + -42))
124
Calculate 8 + 7 + -14 + 0 + 16 - -61.
78
Calculate 1147 + -1223 + (-1 - -56).
-21
Calculate 5 + 6 - (-20 - (107 + 9)) - (-1 - -2).
146
(31 - (38 + -4 + -40)) + 36
73
What is the value of -9 + -8 + 1 - -35?
19
Evaluate -59 - (116 + (-117 - -69)).
-127
61 - (70 + (-42 - 11))
44
What is (202 - 36) + (-40 - (26 - 22))?
122
What is the value of -47 - (-3 - -22 - (279 + -264))?
-51
What is the value of 7 + 22 - (-35 + 62)?
2
Calculate (-1 - -20) + (-12 - (-16 - (-5 - 10))).
8
3 - -2 - (55 - 30 - (-6 + 0))
-26
Evaluate (144 - 99) + -50 + -44 + (0 - 3).
-52
264 - 404 - (4 + -6 - 14)
-124
Evaluate 4 - 16 - (-42 + 27) - 7.
-4
Calculate 66 + (-134 - (-12 + -23)).
-33
What is the value of 63 + 0 - (-2035 - -2063)?
35
Calculate -88 + -5 + (516 - 489).
-66
Calculate 22 + -8 + (48 - 60).
2
-7 - (-3 - (-12 - (-5 - 17 - -10)))
-4
What is the value of -13 + -11 + -143 + 69?
-98
Calculate -127 - (-24 + (-155 - -176)).
-124
What is the value of -18 + -4 + 27 + -7 - -2?
0
Calculate